{"id":1668,"date":"2025-07-14T11:34:06","date_gmt":"2025-07-14T09:34:06","guid":{"rendered":"https:\/\/museoscerrato.unior.it\/?page_id=1668"},"modified":"2026-03-24T17:51:41","modified_gmt":"2026-03-24T16:51:41","slug":"la-collezione-botanica-della-sai","status":"publish","type":"page","link":"https:\/\/museoscerrato.unior.it\/?page_id=1668","title":{"rendered":"La collezione botanica della SAI"},"content":{"rendered":"\n<section class=\"wp-block-qi-blocks-columns qodef-gutenberg-section qodef--template qodef-block-e5865387 qodef-col-num--3 qodef-col-layout--16-66-16 qodef-content--full-width\"><div class=\"qodef-section-background-overlay\"><\/div><div class=\"qodef-gutenberg-row\">\n<div class=\"wp-block-qi-blocks-column qodef-gutenberg-column qodef-block-c3e5483f\"><div class=\"qodef-gutenberg-column-inner\"><\/div><\/div>\n\n\n\n<div class=\"wp-block-qi-blocks-column qodef-gutenberg-column qodef-block-3c0f895d\"><div class=\"qodef-gutenberg-column-inner\">\n<h1 class=\"wp-block-heading\">La collezione botanica della Societ\u00e0 Africana d\u2019Italia <\/h1>\n\n\n\n<h2 class=\"wp-block-heading\">come strumento di conoscenza per la biodiversit\u00e0 vegetale pre-protostorica<\/h2>\n\n\n\n<p>Nell\u2019ambito della collezione museale della Societ\u00e0 Africana d\u2019Italia (SAI), un posto importante \u00e8 occupato dalla collezione botanica nella quale rientrano materie prime, manufatti e derivati di origine vegetale, raccolti tra la fine dell\u2019Ottocento e gli inizi del Novecento perlopi\u00f9 nel corso delle spedizioni finanziate da questa societ\u00e0 nelle regioni pi\u00f9 direttamente connesse agli interessi coloniali italiani. Nella complessit\u00e0 della collezione museale della SAI, le testimonianze del mondo vegetale sono rappresentate da oltre duecento campioni di diverse categorie vegetali, come semi, frutti, foglie, radici, legni e fibre tessili, oltre ad alcuni manufatti tessili e intrecciati, relativi a pi\u00f9 di sessanta specie di piante di interesse alimentare, industriale e farmaceutico. Raccolta con chiari intenti merceologici, oggi questa collezione rappresenta una rara testimonianza di uno spaccato di un mondo vegetale in parte non pi\u00f9 esistente.<br>Il progetto intitolato \u201cLa collezione botanica della Societ\u00e0 Africana d\u2019Italia come strumento di conoscenza per la biodiversit\u00e0 vegetale pre-protostorica\u201d si pone l\u2019obiettivo di tutelare, conoscere e valorizzare questa collezione botanica storica. Le azioni previste per il raggiungimento di tale obiettivo rientrano non solo nel campo delle discipline storico-archeologiche ed etnografiche, ma si esplicano anche nell\u2019ambito delle scienze agrarie e della biologia molecolare.<br>Tra le attivit\u00e0 in corso di realizzazione nell\u2019ambito del progetto si annoverano la ricostruzione delle vicende storiche che hanno determinato la formazione della collezione, l\u2019identificazione delle specie vegetali che la compongono e il suo utilizzo come riferimento per lo studio dei resti vegetali provenienti da contesti archeologici dell\u2019Africa nordorientale, al fine di poter ricostruire l\u2019agricoltura, l\u2019alimentazione e l\u2019ambiente del periodo pre-protostorico di questo territorio. Mirate azioni di valorizzazione consentiranno, inoltre, l\u2019ampliamento dell\u2019attuale nucleo espositivo della collezione nell\u2019ambito del Sistema Museale di Ateneo. Questa collezione rappresenta una potenziale risorsa per la definizione della biodiversit\u00e0 non solo del passato ma anche del futuro, in quanto i materiali in essa raccolti, in particolare alcune cultivar di orzo, sono stati impiegati per l\u2019estrazione e lo studio del DNA e per l\u2019attuazione di una sperimentazione controllata di germinabilit\u00e0 di semi storici. Tale filone di ricerca del progetto \u00e8 stata condotto in collaborazione con il Dipartimento di Scienze della Vita dell\u2019Universit\u00e0 degli Studi di Siena.<br>Il progetto \u00e8 inserito nel quadro di un pi\u00f9 ampio programma di ricerca volto alla definizione del rapporto uomo-ambiente nel passato tra Asia, Africa e Mediterraneo, gi\u00e0 finanziato nell\u2019ambito del POR Campania FSE 2007-2013 \/ POR Campania FSE 2014-2020, Asse IV \u2013 Capitale umano, Asse V \u2013 Transnazionalit\u00e0 ed Interregionalit\u00e0 e da cofinanziamenti dell\u2019Ateneo e dell\u2019ISMEO \u2013 Associazione Internazionale di Studi sul Mediterraneo e l\u2019Oriente. Attualmente il progetto, diretto da Matteo Delle Donne, \u00e8 finanziato da Fondi per la Ricerca Scientifica di Ateneo (Universit\u00e0 degli studi di Napoli \u201cL\u2019Orientale\u201d, 2018-2020).<\/p>\n<\/div><\/div>\n\n\n\n<div class=\"wp-block-qi-blocks-column qodef-gutenberg-column qodef-block-94fcf010\"><div class=\"qodef-gutenberg-column-inner\"><\/div><\/div>\n<\/div><\/section>\n","protected":false},"excerpt":{"rendered":"","protected":false},"author":1,"featured_media":0,"parent":1381,"menu_order":0,"comment_status":"closed","ping_status":"closed","template":"essential-blocks-fullwidth-template.php","meta":{"_eb_attr":"","site-sidebar-layout":"default","site-content-layout":"","ast-site-content-layout":"","site-content-style":"default","site-sidebar-style":"default","ast-global-header-display":"","ast-banner-title-visibility":"","ast-main-header-display":"","ast-hfb-above-header-display":"","ast-hfb-below-header-display":"","ast-hfb-mobile-header-display":"","site-post-title":"","ast-breadcrumbs-content":"","ast-featured-img":"","footer-sml-layout":"","ast-disable-related-posts":"","theme-transparent-header-meta":"","adv-header-id-meta":"","stick-header-meta":"","header-above-stick-meta":"","header-main-stick-meta":"","header-below-stick-meta":"","astra-migrate-meta-layouts":"default","ast-page-background-enabled":"default","ast-page-background-meta":{"desktop":{"background-color":"var(--ast-global-color-4)","background-image":"","background-repeat":"repeat","background-position":"center center","background-size":"auto","background-attachment":"scroll","background-type":"","background-media":"","overlay-type":"","overlay-color":"","overlay-opacity":"","overlay-gradient":""},"tablet":{"background-color":"","background-image":"","background-repeat":"repeat","background-position":"center center","background-size":"auto","background-attachment":"scroll","background-type":"","background-media":"","overlay-type":"","overlay-color":"","overlay-opacity":"","overlay-gradient":""},"mobile":{"background-color":"","background-image":"","background-repeat":"repeat","background-position":"center center","background-size":"auto","background-attachment":"scroll","background-type":"","background-media":"","overlay-type":"","overlay-color":"","overlay-opacity":"","overlay-gradient":""}},"ast-content-background-meta":{"desktop":{"background-color":"var(--ast-global-color-5)","background-image":"","background-repeat":"repeat","background-position":"center center","background-size":"auto","background-attachment":"scroll","background-type":"","background-media":"","overlay-type":"","overlay-color":"","overlay-opacity":"","overlay-gradient":""},"tablet":{"background-color":"var(--ast-global-color-5)","background-image":"","background-repeat":"repeat","background-position":"center center","background-size":"auto","background-attachment":"scroll","background-type":"","background-media":"","overlay-type":"","overlay-color":"","overlay-opacity":"","overlay-gradient":""},"mobile":{"background-color":"var(--ast-global-color-5)","background-image":"","background-repeat":"repeat","background-position":"center center","background-size":"auto","background-attachment":"scroll","background-type":"","background-media":"","overlay-type":"","overlay-color":"","overlay-opacity":"","overlay-gradient":""}},"footnotes":""},"class_list":["post-1668","page","type-page","status-publish","hentry"],"_links":{"self":[{"href":"https:\/\/museoscerrato.unior.it\/index.php?rest_route=\/wp\/v2\/pages\/1668","targetHints":{"allow":["GET"]}}],"collection":[{"href":"https:\/\/museoscerrato.unior.it\/index.php?rest_route=\/wp\/v2\/pages"}],"about":[{"href":"https:\/\/museoscerrato.unior.it\/index.php?rest_route=\/wp\/v2\/types\/page"}],"author":[{"embeddable":true,"href":"https:\/\/museoscerrato.unior.it\/index.php?rest_route=\/wp\/v2\/users\/1"}],"replies":[{"embeddable":true,"href":"https:\/\/museoscerrato.unior.it\/index.php?rest_route=%2Fwp%2Fv2%2Fcomments&post=1668"}],"version-history":[{"count":3,"href":"https:\/\/museoscerrato.unior.it\/index.php?rest_route=\/wp\/v2\/pages\/1668\/revisions"}],"predecessor-version":[{"id":2238,"href":"https:\/\/museoscerrato.unior.it\/index.php?rest_route=\/wp\/v2\/pages\/1668\/revisions\/2238"}],"up":[{"embeddable":true,"href":"https:\/\/museoscerrato.unior.it\/index.php?rest_route=\/wp\/v2\/pages\/1381"}],"wp:attachment":[{"href":"https:\/\/museoscerrato.unior.it\/index.php?rest_route=%2Fwp%2Fv2%2Fmedia&parent=1668"}],"curies":[{"name":"wp","href":"https:\/\/api.w.org\/{rel}","templated":true}]}}